is -4 - -2641?
2638
In base 14, what is -547 + 1c?
-529
In base 2, what is -101 - 11101011001011?
-11101011010000
In base 8, what is 31002665 - -1?
31002666
In base 16, what is -a6 - 905?
-9ab
In base 6, what is 3 - -143320?
143323
In base 4, what is -30 + 1102202?
1102112
In base 10, what is 120840 + -1?
120839
In base 6, what is 15333 - 12?
15321
In base 6, what is -21 + 441200?
441135
In base 9, what is 1 - -36311?
36312
In base 5, what is 310 + 343?
1203
In base 14, what is -4 + -2258?
-225c
In base 15, what is -17 + -9be?
-9d6
In base 15, what is -5 + -742c4?
-742c9
In base 6, what is 1 - -245532?
245533
In base 14, what is -1b5 - 834?
-a09
In base 8, what is 10 + -11003?
-10773
In base 11, what is aa58 - -183?
10130
In base 2, what is -10 + -11110010011101010?
-11110010011101100
In base 2, what is -1100 - 1001110100000?
-1001110101100
In base 10, what is 40929 - -1?
40930
In base 7, what is 44 + -5513?
-5436
In base 2, what is -1000111111 - -1011001?
-111100110
In base 15, what is -12229 + -9?
-12233
In base 8, what is -16 + 1702432?
1702414
In base 4, what is 2311 - -2023?
11000
In base 10, what is -230194 - 3?
-230197
In base 14, what is 0 - -2bd66?
2bd66
In base 2, what is 10110011001100000110 + 100?
10110011001100001010
In base 12, what is b10 - 1b3?
919
In base 16, what is 1 - 106ef?
-106ee
In base 5, what is -3 + 1030033?
1030030
In base 8, what is 326265 - 2?
326263
In base 5, what is -341140 - 4?
-341144
In base 9, what is 4 + 70781?
70785
In base 4, what is 10120132 - 13?
10120113
In base 10, what is -49 - -6764?
6715
In base 15, what is -de424 - 1?
-de425
In base 5, what is 133412 + 4?
133421
In base 10, what is 81868 - 67?
81801
In base 14, what is 2 + 34d0b?
34d0d
In base 12, what is -202373 + -5?
-202378
In base 15, what is 76 + 166?
1dc
In base 7, what is -161 - -551?
360
In base 12, what is -5212b - -b?
-52120
In base 7, what is -53 + -32615?
-33001
In base 11, what is -4 + -1868a9?
-186902
In base 7, what is -36 + -31142?
-31211
In base 5, what is 13 + 1123423?
1123441
In base 3, what is 11200 + 10002?
21202
In base 7, what is 0 - 20231?
-20231
In base 16, what is 4 + -4c79?
-4c75
In base 2, what is -10100110 + 11?
-10100011
In base 3, what is 2112222 - 22?
2112200
In base 14, what is 4 + 6d7?
6db
In base 7, what is -1 - -126431?
126430
In base 6, what is 10350013 + 1?
10350014
In base 8, what is -313 - -1407?
1074
In base 5, what is 431 + -2442?
-2011
In base 7, what is 100453 + 3?
100456
In base 4, what is 2 + -10301100?
-10301032
In base 6, what is 3 + -44154?
-44151
In base 13, what is -27 - 163?
-18a
In base 8, what is 4160 - 104?
4054
In base 10, what is -5115 - 439?
-5554
In base 9, what is -126 + 17871?
17744
In base 13, what is 0 + a72?
a72
In base 7, what is -1 - -11565?
11564
In base 12, what is 266 + 2658?
2902
In base 6, what is -4 - -10504242?
10504234
In base 3, what is -12 + 1201211211100?
1201211211011
In base 4, what is -1330102 + 3?
-1330033
In base 2, what is -111000001 - -1000011100001?
111100100000
In base 16, what is 9aa + -1e?
98c
In base 11, what is -4 + 10a88?
10a84
In base 10, what is 50 + 2381?
2431
In base 15, what is -29027 - -3?
-29024
In base 16, what is 4 - 8fa9?
-8fa5
In base 2, what is -1001000110 + -11010000?
-1100010110
In base 14, what is 12 + 943?
955
In base 16, what is -2e8e2 - -1?
-2e8e1
In base 12, what is 1b28 + -89?
1a5b
In base 6, what is 13403 - 2340?
11023
In base 12, what is 5548 - 23?
5525
In base 5, what is 142 - -10014?
10211
In base 11, what is 22 - -433a?
4361
In base 15, what is -4 - 383e6?
-383ea
In base 14, what is 1019 + 12?
102b
In base 9, what is -6622256 - 5?
-6622262
In base 8, what is -20026 - -2?
-20024
In base 13, what is -83a5 + -c?
-83b4
In base 2, what is 11 + 11001111110011101?
11001111110100000
In base 11, what is 744748 + -1?
744747
In base 14, what is -61adc - 0?
-61adc
In base 4, what is 12100022 - -10?
12100032
In base 2, what is -1111 + -110010010000010?
-110010010010001
In base 6, what is -533 - -105?
-424
In base 5, what is 442212 - 0?
442212
In base 7, what is 133116 - -21?
133140
In base 5, what is -33304244 - -4?
-33304240
In base 9, what is 112 - 3721?
-3608
In base 8, what is 177512 - -3?
177515
In base 14, what is 217 - 266?
-4d
In base 4, what is -11321201113 - 3?
-11321201122
In base 3, what is -12220122020 - -2021?
-12220112222
In base 13, what is 305 + 208b?
2393
In base 3, what is 10 + 1100011022?
1100011102
In base 12, what is 23 + -4a7?
-484
In base 9, what is 81723 - -2?
81725
In base 2, what is -10101010111100 - 10001?
-10101011001101
In base 14, what is -3 + -698b5?
-698b8
In base 4, what is -10 + -10131202?
-10131212
In base 2, what is -1101010100110001101100 + -1?
-1101010100110001101101
In base 2, what is -1100111101110000000 - -101?
-1100111101101111011
In base 3, what is -1202100 - -1121000?
-11100
In base 16, what is d9e - -25?
dc3
In base 3, what is 22 + -100010110?
-100010011
In base 7, what is 10 - -304512?
304522
In base 3, what is 10 + -1002101202?
-1002101122
In base 12, what is -720 - -a2?
-63a
In base 11, what is 299599 + 8?
2995a6
In base 9, what is 112 + -7725?
-7613
In base 4, what is -212002231 - 21?
-212002312
In base 14, what is 5 - -39b5?
39ba
In base 4, what is -230 - 321022?
-321312
In base 4, what is -32 + -121000?
-121032
In base 6, what is -2212 - 14?
-2230
In base 11, what is -3a21 + -1352?
-5273
In base 4, what is -133302 + -310?
-200212
In base 11, what is 4 - -1291?
1295
In base 12, what is -b - -9a7?
998
In base 2, what is -100110011101000 + 10011?
-100110011010101
In base 14, what is d558 - -d?
d567
In base 6, what is -5 + -10525505?
-10525514
In base 3, what is 12022001101 + 212?
12022002020
In base 9, what is -10316 + -23?
-10340
In base 11, what is 1a - 37856?
-37837
In base 3, what is 1201 + -2122102?
-2120201
In base 16, what is -4b4 + -b4?
-568
In base 14, what is 9762 - 1c?
9744
In base 14, what is 2 - -94013?
94015
In base 14, what is 3 - d897?
-d894
In base 3, what is 11021 - -20210120?
20221211
In base 15, what is -13a7 - -a?
-139c
In base 16, what is d - dee?
-de1
In base 10, what is 902919 - -2?
902921
In base 6, what is -14410 + -25?
-14435
In base 12, what is 21 - -6?
27
In base 2, what is 1100 + -11001010011?
-11001000111
In base 5, what is -101 - -24101?
24000
In base 8, what is 0 - 1011460?
-1011460
In base 12, what is 12460 + -5?
12457
In base 10, what is 0 + 284805?
284805
In base 6, what is 5 - -514204?
514213
In base 6, what is 14 - -23124?
23142
In base 4, what is 11123103 + 11?
11123120
In base 11, what is -15 - -244?
22a
In base 6, what is -315 - 21342?
-22101
In base 6, what is -5 - -22350030?
22350021
In base 11, what is -67612 - -5?
-67608
In base 8, what is 345 - -14420?
14765
In base 5, what is 33 - -31001?
31034
In base 13, what is 103 + -2b?
a5
In base 7, what is -331322 + 25?
-331264
In base 2, what is 10110 + 11010101101?
11011000011
In base 13, what is aba5 + -9?
ab99
In base 8, what is -7 - 226544?
-226553
In base 13, what is -3 + 1b76?
1b73
In base 14, what is -16c + -78?
-206
In base 8, what is -105 + 3222?
3115
In base 16, what is 204d7 + -7?
204d0
In base 13, what is 18 - -256?
271
In base 14, what is 14d - -1c2?
331
In base 9, what is 3 - -44524?
44527
In base 6, what is -5301534 + 4?
-5301530
In base 12, what is 1237 - 5?
1232
In base 6, what is -343 + -13141?
-13524
In base 9, what is 3 - 121346?
-121343
In base 3, what is -10121 - 12121?
-100012
In base 3, what is 212 + -1112100?
-1111111
In base 10, what is 501935 + 2?
501937
In base 2, what is 11001 + -1000010011110001?
-1000010011011000
In base 8, what is 55414 - 4?
55410
In base 4, what is -1130020 - 2103?
-1132123
In base 7, what is 2 + -1633120?
-1633115
In base 15, what is 5823c - -3?
58240
In base 5, what is -2 - -1343331?
1343324
In base 13, what is -8b + 17?
-74
In base 4, what is 233333 - -1001?
301000
In base 15, what is a - 75c8?
-75bd
In base 8, what is 55221 + -2?
55217
In base 9, what is -2615 - 11?
-2626
In base 11, what is 12 + 2a3?
305
In base 4, what is -11100 + 233120?
222020
In base 6, what is -41 - 11452?
-11533
In base 8, what is 1 - 243706?
-243705
In base 9, what is -7 - -322464?
322456
In base 3, what is 121101 - 2110112?
-1212011
In base 16, what is -3e92 - -74?
-3e1e
In bas